 What is the remainder when m is divided by 33?
29
Suppose -4*i - t + 112 = -2*i, -2 = -t. Suppose 55 + i = 10*s. Calculate the remainder when 16 is divided by s.
5
Suppose 78 = 4*w - 26. Let m = 250 + -147. Calculate the remainder when m is divided by w.
25
Let y be (0 - 1) + (6 - (2 - 2)). Suppose -l = y - 87. Calculate the remainder when l is divided by 12.
10
Let d(l) = l**3 + 13*l**2 - 4*l - 36. Calculate the remainder when 45 is divided by d(-13).
13
Suppose 317 - 68 = 5*m - 2*j, 2*m + 5*j = 88. Calculate the remainder when 189 is divided by m.
42
Suppose 3*t - 12 = -3*o, 3*t - 20 + 4 = -4*o. Suppose -n = 2*n - 6. What is the remainder when o is divided by n?
0
Let n = -50 + 55. Suppose 4*i + n*s = 190 - 69, -2*s - 40 = -i. Calculate the remainder when i is divided by 12.
10
Let h = 26 + 8. Let c = 81 - h. Calculate the remainder when c is divided by 12.
11
Let u be (-2*2/(-12))/((-5)/(-45)). Calculate the remainder when ((-1*u)/(-9))/((-6)/(-666)) is divided by 10.
7
Suppose 0*q = 2*q - 4*v - 4, 0 = 5*q + v - 65. Let x = 12 + q. What is the remainder when 94 is divided by x?
22
Let v(d) = -2*d**3 + 23*d**2 - 9*d - 6. Calculate the remainder when 46 is divided by v(11).
14
Suppose 3*b - 92 = -5*n, 7*b - 3*b = n - 23. What is the remainder when 51 is divided by n?
13
Suppose 3*l + v - 42 = -l, -l + 12 = v. Suppose 2*m - 4*m + 5 = 3*s, -s = -m - l. Calculate the remainder when 24 is divided by 0/2 + (-65)/m.
11
Suppose -5*j = 2*u - u - 72, -5*u - 4*j = -381. Let w = u + -36. What is the remainder when w is divided by 21?
20
Suppose -7*p + 2716 = 7*p. What is the remainder when p is divided by 49?
47
Suppose -4*d + 4*j + 228 = 5*j, 3*d + 5*j - 171 = 0. Suppose -2*m + z + 8 = -50, 2*m + 3*z = 58. Calculate the remainder when d is divided by m.
28
Let f be (2/8)/(2/16). Suppose 0 = -4*i + 3*v + 31, -i + 29 = -3*v - f*v. Calculate the remainder when 5 is divided by i.
1
Suppose m - 1840 = -45*m. What is the remainder when 184 is divided by m?
24
Let h = 87 - 85. Suppose -h*q = -227 + 115. What is the remainder when q is divided by 19?
18
Let i be 29 - ((-7)/2 - (-4)/8). Let w = i - 24. What is the remainder when 15 is divided by w?
7
Let u(t) = 5*t - 126 - 5*t - 6*t - 3*t. Let z(o) = o**3 + o**2 - 4*o + 3. What is the remainder when u(-16) is divided by z(2)?
4
Suppose 0 = -11*n + 6*n. Let c(r) = -12*r. What is the remainder when (2 - -17) + n + 2 is divided by c(-1)?
9
What is the remainder when 157 is divided by (-352)/(-12) - 42/(-63)?
7
Let q be (-134)/10 - (-2)/5. Let p = -4 - q. Suppose 13*c + p = 16*c. What is the remainder when 7 is divided by c?
1
Let r = -32 + 48. Let t(s) = -72*s + 4. Calculate the remainder when t(-1) is divided by r.
12
Let x(i) = i**3 - 9*i**2 + 15*i - 2. Let n be x(7). Suppose -8*k + 624 = n*k. What is the remainder when k is divided by 25?
23
Let j(z) = 3*z - 42. Let a be j(8). Calculate the remainder when 172/36 - -9 - 4/a is divided by -15*(0 - (-4)/(-10)).
2
Suppose 449 = 18*y - 991. What is the remainder when 216 is divided by y?
56
Calculate the remainder when 108 is divided by (-3)/(-8) - -1*(-2290)/(-80).
21
Let u(o) be the third derivative of o**5/60 - o**4/24 - o**3 - 7*o**2. Calculate the remainder when 16 is divided by u(-3).
4
Let c be (-4)/((-38)/10 + 4) + 0. Let j = -6 - 9. Let g = j - c. Calculate the remainder when 8 is divided by g.
3
Calculate the remainder when 210 is divided by 17 + -2 - (48/(-4) + 14).
2
Suppose 0 = 2*m - 117 - 3. Suppose 5*b = m + 105. Suppose 3*h - h - 3*z - b = 0, 4*z = h - 9. What is the remainder when 41 is divided by h?
20
Let t = 4 - -14. Suppose 3*h = h + t. Suppose c + j = 4*c - h, 4*c - 12 = -2*j. Calculate the remainder when 13 is divided by c.
1
Let a(q) = 3*q**2 + 4*q. Suppose -2*s = 5*v - 43, -2*s + v + 61 = -0*v. Calculate the remainder when a(-6) is divided by s.
26
Suppose 2*b - 5*g = -3, -b - 2*g + 5*g = 2. Calculate the remainder when (-20)/16*-2*(-6)/(-5) is divided by b.
0
Let m(z) = 15*z**2 - 4*z - 3. Let q be m(-1). Suppose q = -k + 20. Let g(y) = -y**2 - 10*y - 4. What is the remainder when g(-7) is divided by k?
1
Let u = -81 + 71. Calculate the remainder when 14 is divided by u/(-4) + (-3)/(-6).
2
Suppose -4*a - 3*l + 1661 = 0, -5*a + 3*l - 422 = -6*a. What is the remainder when a is divided by 70?
63
Let s be 6*(-1)/(-2) + 0. Suppose 4*v + 4*m - 88 - 28 = 0, 0 = 2*v - s*m - 38. What is the remainder when 99 is divided by v?
24
Suppose -133 = 3*n - 388. Calculate the remainder when 2802 is divided by n.
82
Let o be (0/1)/4*-1. Suppose -5*q + f + o*f = 257, 0 = -5*q - 2*f - 251. What is the remainder when -1 + (-3 - q) - 2 is divided by 12?
9
Calculate the remainder when 1*(-1)/(-9) - 3130/(-18) is divided by 7.
6
Suppose -3*q = -0*q. Suppose q = 6*d - 534 + 192. What is the remainder when 398 is divided by d?
56
Let n = -602 - -810. Calculate the remainder when n is divided by 5.
3
Let s = -39 - -39. Suppose 4*c - 2*t - 30 - 2 = s, -3*c + 19 = -4*t. What is the remainder when 26 is divided by c?
8
Let k(l) = -l**3 + 12*l**2 - 11*l + 6. Calculate the remainder when k(11) is divided by (-8 - -3) + 1 + 8.
2
Suppose 0 = -5*m + 717 + 303. Calculate the remainder when m is divided by 24.
12
Let g = 568 - 503. What is the remainder when 127 is divided by g?
62
Let j = -824 - -881. What is the remainder when 568 is divided by j?
55
Suppose -399 = -37*v + 267. What is the remainder when 24 is divided by v?
6
Let c = 106 - 65. Calculate the remainder when c is divided by 25.
16
Let y = 396 + -375. What is the remainder when 124 is divided by y?
19
Let g(u) = 39*u - 8. What is the remainder when 91 is divided by g(1)?
29
Calculate the remainder when 7175/75 + (-2)/3 is divided by 26.
17
What is the remainder when 196 is divided by (1235/(-195))/(3/(-9))?
6
Suppose -6*l + 692 = 596. What is the remainder when l is divided by 11?
5
Let r = 570 + -213. Calculate the remainder when r is divided by 12.
9
Calculate the remainder when (-44 - 17)/(4/(-16)) is divided by 84.
76
Suppose 5*k = -5*p + 340, 208 = -p + 4*p + 4*k. Calculate the remainder when 170 is divided by p.
42
Suppose 23*j = 18*j + 20. Suppose -2*n - 4*v = -5*n + 39, 0 = j*n - 4*v - 52. Calculate the remainder when 103 is divided by n.
12
Let p(v) be the first derivative of v**4/4 + 13*v**3/3 + 21*v**2/2 - 9*v + 5. What is the remainder when 8 is divided by p(-11)?
0
Suppose 12 = 3*f, -300 = -3*r - 4*f + 109. Let z = 933 - 914. Calculate the remainder when r is divided by z.
17
Let s(d) = 5*d - 5*d + 0*d + 10 - 2*d. Calculate the remainder when 49 is divided by s(-8).
23
Let n(a) = -a**2 + 13*a - 9. Let h be n(12). Suppose -2*j - 719 = -4*y - 175, -415 = -h*y + 5*j. What is the remainder when y is divided by 46?
43
Let c(h) = h**2 - 4*h - 4. Let l be c(5). Let y = -10 + l. Let z = 24 + y. What is the remainder when z is divided by 6?
3
Let m be (6/(-5))/((-8)/20). Suppose 4*t - 364 = -f + 105, -m*t + f = -357. Let p = -79 + t. Calculate the remainder when p is divided by 10.
9
Suppose -5*z - 15 = 4*g, 3*g + 20 = 2*z - 4*z. Let m(q) = -q. Let i be m(g). Suppose -2*l - i = -26. Calculate the remainder when 19 is divided by l.
3
Suppose 0 = 3*v + 4*u - 34, 0*v + v - 20 = 3*u. What is the remainder when 23 is divided by v?
9
Let g(y) = y - 1. Let h(c) = -c**2 + 3*c - 1. Let u(i) = 6*g(i) + h(i). Calculate the remainder when 20 is divided by u(5).
7
Let v = 699 + -476. Calculate the remainder when v is divided by 56.
55
Suppose 0*i + 130 = 2*i. Suppose -4*x - 3*z + i = 0, -x + 17 = -0*z + z. What is the remainder when 23 is divided by x?
9
Let s(x) = -x**2 - 15*x + 86. What is the remainder when 219 is divided by s(-18)?
27
Let x(c) = 2*c**2 - 49*c + 24. Let w(n) = 10*n**2 - 246*n + 120. Let u(y) = -2*w(y) + 11*x(y). Calculate the remainder when u(24) is divided by 28.
20
Suppose 0*p = -4*p + 24. What is the remainder when 5875/517 - 8/22 is divided by p?
5
Suppose 26*f + 20*f - 1288 = 0. What is the remainder when 98 is divided by f?
14
Suppose 2*s + s = -2*i + 34, -5*i - s + 72 = 0. Let q be 2/(-7) + (-38)/i. Calculate the remainder when 16 is divided by 1/(-3) + (-28)/q.
7
Let i(j) be the second derivative of j**5/20 - 7*j**4/6 + 2*j**3 + 9*j**2 - 2*j. Suppose 11*f - 104 = 3*f. What is the remainde